t s(j) = -j**3 - 11*j**2 - 90*j - 985. Let f be s(-11). Let o(b) = b**3 - 11*b**2 + 22*b + 1. Calculate o(f).
-39
Let j(a) = -a**3 - a + 11. Let h(m) = 3*m - 9. Let s(w) = 7*w - 19. Let t(i) = 5*h(i) - 2*s(i). Let z be t(11). Suppose -5*l = -7*l - z*l. Give j(l).
11
Let l(m) be the first derivative of 5*m**2/2 - 38*m + 31. Let i be l(11). Let a(h) = 4 - 3 - h**2 - i*h**3 + 25*h**3 - h**2. Determine a(-1).
-9
Let g(j) = 5*j - 46. Let r be g(9). Let p(s) = -30*s - 7. Let f(n) = -61*n - 15. Let w(v) = 6*f(v) - 13*p(v). Calculate w(r).
-23
Suppose -4*a + 5 = -i, 0 = -2*i + 2*a + 1 + 7. Suppose -4*n - 16 - i = -z, 3*n = -5*z. Let p(j) = -z*j - 4*j**2 - 9 - 6*j + 3*j**2. Calculate p(-7).
5
Let m(c) = -c**3 - c**2 - c - 2. Let b be m(-1). Let i(n) = n + 3. Let u(g) = -g**3 + 4*g**2 - 4*g - 12. Let k(z) = b*u(z) - 4*i(z). Determine k(3).
-9
Let r(b) = 8*b**2 + 4*b - 2. Suppose 27*g - 23*g = -5*u - 51, -25 = g + 3*u. Determine r(g).
110
Let v(j) be the second derivative of j**3/3 - 28*j**2 + 777*j + 4. Calculate v(25).
-6
Suppose -111 + 601 + 318 = 101*n. Let t(u) = u - 21. Give t(n).
-13
Suppose -n + 0*n = -5. Let i = -6 - n. Let p(w) = w**2 + 12*w + 15. Let j be p(i). Let a(k) = k + 1. What is a(j)?
5
Let i(b) = -b**2 + 22*b - 9. Let r be i(17). Let y = 84 - r. Let v(n) = 139*n - y + 8*n**2 - 149*n + 0 + n**3. What is v(-9)?
1
Let u(o) be the second derivative of 2*o**2 - 11*o - 1/6*o**3 + 0. Suppose -j = 0, 4*j = 2*l - 0*l - 12. Determine u(l).
-2
Let o = 0 + 2. Let c(v) be the second derivative of -1/3*v**3 + 100*v + 0 + v**2 - 1/12*v**4. Determine c(o).
-6
Let r be (12/4)/((1 - -3)/4). Suppose -4*s + 2*s = r*a - 31, -5*a + 45 = 2*s. Let l(x) be the third derivative of x**4/24 - 13*x**3/6 + x**2. Determine l(a).
-6
Let v(j) be the third derivative of -j**7/5040 + j**6/144 + j**5/30 - j**3/3 - 3*j**2 + j. Let s(z) be the third derivative of v(z). Determine s(3).
2
Let b(f) = f**3 + f**2 - 2*f - 1. Suppose 0 = y - 11 - 20. Let d = y + -20. Suppose d*q = 14*q + 9. Calculate b(q).
-13
Let g = 15 - 21. Let i(c) be the third derivative of -c**5/60 - c**4/3 - 2*c**3/3 + c**2 - 5108*c. Determine i(g).
8
Let w(n) = 28*n - 10. Let m(q) = -158*q - 1264. Let d be m(-8). What is w(d)?
-10
Let h(d) = 117*d - 63. Let p(n) = 2*n - 1. Let b be (-8)/6 + 70/210. Let u(t) = b*h(t) + 63*p(t). Determine u(1).
9
Suppose -25*d + 13 = -37. Let o(x) = 188*x - 93*x - 3 + x**d - 96*x. Determine o(3).
3
Let h = -39662 + 39661. Let b(d) = 4*d - 3. Let v(j) = -8*j + 6. Let l(f) = 5*b(f) + 2*v(f). Determine l(h).
-7
Let a(i) = -i**2 - 26*i + 2. Let d be a(-26). Let h(x) = 5*x**2 + 0*x - 4 + x - 6*x**d - 9*x. Suppose 0*u + 6 = -u. Determine h(u).
8
Let k be 2/9 - 50/(-18). Let z(m) be the first derivative of 5*m - 4*m - 20 - 3*m**k + m**3. Determine z(-1).
-5
Suppose 0*n = -2*n + 30. Let l = -4 - n. Let p be (-54)/14 - (-3)/(l - 2). Let c(s) = s**3 + 5*s**2 + 5*s + 3. Calculate c(p).
-1
Let x(s) = -2*s - 3. Let f(k) = k**3 + 27*k**2 - 29*k - 30. Let a = -334 - -306. Let l be f(a). Give x(l).
1
Let c = 4356 - 4349. Let b(g) = g**2 - 11*g - 8. Give b(c).
-36
Suppose -4*d = -9*d + 70. Let h(k) = -47*k**3 - 19*k**2 - 3*k + 12. Let y(f) = 39*f**3 + 18*f**2 + 5*f - 13. Let n(a) = -5*h(a) - 6*y(a). Calculate n(d).
4
Suppose 5*c - 7 + 2 = 0. Let b(p) = 8*p + 8. Let g(o) = -o - 1. Let q(m) = c*b(m) + 6*g(m). Suppose z - 14 = 8*y, 6*y = 3*y - 5*z - 16. Determine q(y).
-2
Let m(d) = d**3 - 16*d**2 + 15*d - 3. Let r be m(15). Let f(t) = -3 + 158*t**3 - 318*t**3 - 6*t + 161*t**3 + t**2. What is f(r)?
-3
Let h(p) = 9*p**2 - 2*p - 109. Let t(f) = 61*f**2 - 21*f - 766. Let q(r) = -27*h(r) + 4*t(r). Calculate q(33).
-22
Suppose m = 22 - 20. Suppose 7*l - 36 = -m*l. Let n(c) be the first derivative of c**4/4 - 4*c**3/3 + c**2 - 6*c - 7. Calculate n(l).
2
Let a(g) = -3*g**3 + g**2 - g. Let w(f) = 16*f**3 - 11*f**2 - 5*f - 13. Let x(c) = -5*a(c) - w(c). Determine x(8).
-35
Let p = -81 + 89. Let v(o) be the first derivative of o**4/24 + 5*o**3/6 - 5*o**2 - 13. Let u(t) be the second derivative of v(t). Determine u(p).
13
Let p(a) = -a**2 - 7*a - 18. Let h be 3 + 1 - (0 - (-3 + -9)). Calculate p(h).
-26
Let l(r) = r**2 - 43*r + 112. Let u be l(40). Let w(n) = n**3 + 8*n**2 - 6. Calculate w(u).
-6
Let x(g) = -6*g**3 + 7*g**2 + 13*g + 22. Let u(o) = o**3 - o - 1. Let b(l) = 5*u(l) + x(l). Let m be b(8). Let w(p) = 19 + m*p + 17 - 35. What is w(1)?
18
Let f(i) = 2*i + 11. Let d(h) = -22*h - 9. Let p(u) = d(u) + f(u). Give p(-7).
142
Let l(k) = -3*k**2 - 328*k + 2069. Let w be l(6). Let a(y) be the first derivative of y**3/3 + 3*y**2 - 7*y - 2. Give a(w).
0
Let m(s) = s**3 - 8*s**2 - 8*s - 10. Let o = -3395 + 3404. Determine m(o).
-1
Suppose 0 = -3*v + 13 + 2. Suppose -v*m + 15 = 0, -6*m + 44 = 4*w - 2*m. Let d(a) be the third derivative of -a**4/24 + a**3/3 - 367*a**2. What is d(w)?
-6
Suppose 0 = 6*t - 10*t + 8. Let n(x) = -291*x + 142*x + 145*x + 2 + 0 + x**t. What is n(2)?
-2
Let h(c) = 13*c + 159 + 15*c - 333. Let f be h(6). Let q(d) = d**2 + 4*d - 7. Give q(f).
5
Let x(d) = 1 + 3*d**2 + 8 + 32*d + 8*d**2 + 14*d**2 - 20*d**2. Give x(-6).
-3
Let p(z) = -7*z + 16. Let x(g) = g. Let m(u) = -5*p(u) - 30*x(u). Calculate m(16).
0
Let q(g) = -13*g - 7*g + 4*g - 5 + 6*g + 3*g**3 - 29*g**2. Determine q(10).
-5
Suppose -3*x - 3*f + 936 = -5*f, 0 = -f - 3. Let m(q) = 154*q - x*q - 2 + 5 + 154*q. What is m(-7)?
17
Let r(f) = -56 + 477*f**2 + 469*f**2 + 472*f**2 - 26*f - 1417*f**2. What is r(28)?
0
Let a(g) = g - 5. Suppose -563 - 247 = -6*z. Let j = z + -229. Let d = j - -100. Give a(d).
1
Let k(u) = 3*u**2 + 6*u + 4. Let w(g) = -7*g**2 - 35*g + 40*g - 8 - 18*g. Let q(a) = -5*k(a) - 2*w(a). Determine q(-4).
-4
Let n(x) = 31*x**2 + 8*x - 40*x**2 + 0*x - 10*x - 7. What is n(-2)?
-39
Let d(n) = 11*n**2 - 117*n - 116. Let u be d(-1). Let b(y) be the second derivative of -y**4/12 + 13*y**3/6 - 15*y**2/2 + 31*y. Calculate b(u).
-3
Suppose 9*y - 353 - 304 = -585. Let i(n) = -2*n**3 + 17*n**2 - 7*n - 5. Determine i(y).
3
Let w(p) = 27*p + 146. Let a(c) = -64*c - 293. Let x(j) = 3*a(j) + 7*w(j). Determine x(41).
20
Suppose 1 - 9 = -4*q. Let t be q*(-1)/(-6)*12. Let x(v) be the first derivative of v**4/4 - v**3 - 5*v**2/2 + 3*v + 3537. Give x(t).
-1
Let h(i) be the second derivative of -i**3/6 + 7*i**2/2 + i. Let q be 6520/30 + (-5)/15. Let u be (62/q)/((-2)/(-42)). Give h(u).
1
Let i(a) = a**3 - 14*a**2 + 11*a + 24. Let c(h) = 25*h + 1988. Let j be c(-79). Calculate i(j).
-2
Suppose 3*s - 4*x + 123 = 0, -5*s - 4*x = 98 + 139. Let j be (-43)/9 - (-10)/s. Let k(q) = -6 + 7*q + 0 - 12*q - q**2. Determine k(j).
-6
Suppose 3*k = -3*w - 4 + 58, -2*k = 5*w - 102. Let x(b) = -b**2 + 22*b - 18. Calculate x(w).
-18
Let d(b) be the second derivative of b**3/2 + 3*b**2 + b. Suppose 45*q = 126*q + 324. Let p be d(q). Let r(l) = -l**2 - 6*l + 5. Give r(p).
5
Let r(f) = -11*f - 184 - 74 + 200. Give r(-7).
19
Let b = 10386 - 10374. Let u(i) = 2*i - 7. Give u(b).
17
Let k(c) = -7*c**2 - 75*c**3 + 4 - 15*c**2 - 6 + 1 + 2*c + 21*c**2. What is k(1)?
-75
Let k(x) = 4*x**2 - 19*x + 28*x + 0*x - 5*x - 8*x**2. Give k(-3).
-48
Let n be (-3 + 1)*(-1 + (0 - -11)) - -5. Let v(o) = -5*o - 57. Give v(n).
18
Let v be 500/(-130) + (-10)/65. Let x be v/(-28) - (-16)/(-14). Let r(o) = -6*o + 1. Give r(x).
7
Let x be 60/21 - (-14)/98. Let u(j) = 117*j - 2*j**3 + 113*j - 229*j + 6*j**2 - 4*j**2. Give u(x).
-33
Let p(u) = 6*u**2 + 2*u - 6. Let t(i) = -11*i**2 - 5*i + 12. Let r(w) = 7*p(w) + 4*t(w). Let q(x) = x**3 - 4*x**2 - 231*x + 918. Let n be q(4). Calculate r(n).
-30
Let v(a) = -17*a**2 - 14*a - 1. Let r(d) = 62*d**2 + 56*d + 5. Let h(p) = -3*r(p) - 11*v(p). Give h(14).
-4
Let s(h) = -5*h**3 + 74*h**2 + 15*h - 5. Let o be s(15). Let d(p) = -p - 7. Give d(o).
-2
Let u(h) be the second derivative of -h**5/120 - h**4/4 - 59*h**3/6 - 86*h. Let j(l) be the second derivative of u(l). What is j(-7)?
1
Let m(h) = -8*h - 1. Let s be (6/(-4))/3*0. Suppose y - 8*y + 207 = 16*y. Suppose -12*x + y*x + 3 = s. What is m(x)?
-9
Let z(n) = 4*n**3 + 2*n + 2. Let p = 430 + -406. Suppose 29*q + 26 = -l + p*q, l + q = -6. Calculate z(l).
-4
Let o(p) = 2*p + 11. Suppose 2*x = 4*i - 0*x - 14, -3*x = -2*i + 13. Suppose 29 = -i*s + 21. Let j = s + -4. Calculate o(j).
-5
Su